{"id":320,"date":"2010-04-09T16:51:18","date_gmt":"2010-04-09T15:51:18","guid":{"rendered":"http:\/\/www.handwerktechnikdesign.de\/?page_id=320"},"modified":"2025-12-01T11:53:10","modified_gmt":"2025-12-01T10:53:10","slug":"handwerktechnikdesign","status":"publish","type":"page","link":"https:\/\/www.handwerktechnikdesign.de\/?page_id=320","title":{"rendered":"handwerktechnikdesign"},"content":{"rendered":"<p style=\"text-align: justify;\">Wir entwickeln seit 1991 Innenarchitekturkonzepte. Unser Ansatzpunkt ist die Verkn\u00fcpfung von <strong><span style=\"color: #999999;\">handwerktechnikdesign<\/span><\/strong>. Das Design steht f\u00fcr uns im Vordergrund. Dies aber stets unter dem Gesichtspunkt von Durchf\u00fchrbarkeit und Kostenrahmen des jeweiligen Projektes. Wir m\u00f6chten auch unter der Vorgabe von kleinen Kostenrahmen ansprechendes Design entwickeln und konnten dies in zahlreichen Projekten unter Beweis stellen. Innenarchitektur sollte sp\u00fcrbar sein, die gestellte Aufgabe erkennbar machen und die Geb\u00e4udearchitektur sinnvoll erg\u00e4nzen. Wir sehen sie und uns als Teil des Ganzen.<\/p>\n<p style=\"text-align: justify;\">Wir stehen f\u00fcr eine klare Formensprache in Kombination mit ehrlichen Materialien und ruhiger Farbgebung. Eine aussagef\u00e4hige, CAD-gest\u00fctzte Detailplanung sorgt f\u00fcr ein qualitativ \u00fcberzeugendes Ergebnis. Die Umsetzung erfolgt immer in enger Zusammenarbeit mit dem Bauherren und den Projektbeteiligten.<\/p>\n<p style=\"text-align: justify;\">Wir werden \u00fcberwiegend direkt von den Bauherren beauftragt und f\u00fchren diese Auftr\u00e4ge dann gem\u00e4\u00df der HOAI aus. Jedoch streben wir auch immer wieder Arbeitsgemeinschaften mit oder auch die freie Mitarbeit in Architekturb\u00fcros an. Unsere Schwerpunkte liegen zurzeit\u00a0 im Officedesign, Praxisdesign, private Um- und Ausbauten, aber auch\u00a0 im Hoteldesign, der Objekteinrichtung und der Gestaltung von Multiplexkinos. Hier haben wir in einer ARGE mit dem Architekturb\u00fcro Tillmann 9 Projekte in Deutschland und Tschechien umgesetzt.<\/p>\n<p>#praxisdesign #officedesign #newwork #living #hoteldesign #baddesign #k\u00fcchendesign #lichtdesign #b\u00fcrodesign #wohndesign #ausstellungsdesign #seniorenwohnen #umbau #sanierung #barrierefreiesbauen #akustik<\/p>\n","protected":false},"excerpt":{"rendered":"<p>Wir entwickeln seit 1991 Innenarchitekturkonzepte. Unser Ansatzpunkt ist die Verkn\u00fcpfung von handwerktechnikdesign. Das Design steht f\u00fcr uns im Vordergrund. Dies aber stets unter dem Gesichtspunkt von Durchf\u00fchrbarkeit und Kostenrahmen des jeweiligen Projektes. Wir m\u00f6chten auch unter der Vorgabe von kleinen Kostenrahmen ansprechendes Design entwickeln und konnten dies in zahlreichen Projekten unter Beweis stellen. Innenarchitektur sollte [&#038;hellip<\/p>\n","protected":false},"author":2,"featured_media":0,"parent":0,"menu_order":1,"comment_status":"open","ping_status":"open","template":"","meta":{"footnotes":""},"class_list":["post-320","page","type-page","status-publish","hentry"],"_links":{"self":[{"href":"https:\/\/www.handwerktechnikdesign.de\/index.php?rest_route=\/wp\/v2\/pages\/320","targetHints":{"allow":["GET"]}}],"collection":[{"href":"https:\/\/www.handwerktechnikdesign.de\/index.php?rest_route=\/wp\/v2\/pages"}],"about":[{"href":"https:\/\/www.handwerktechnikdesign.de\/index.php?rest_route=\/wp\/v2\/types\/page"}],"author":[{"embeddable":true,"href":"https:\/\/www.handwerktechnikdesign.de\/index.php?rest_route=\/wp\/v2\/users\/2"}],"replies":[{"embeddable":true,"href":"https:\/\/www.handwerktechnikdesign.de\/index.php?rest_route=%2Fwp%2Fv2%2Fcomments&post=320"}],"version-history":[{"count":9,"href":"https:\/\/www.handwerktechnikdesign.de\/index.php?rest_route=\/wp\/v2\/pages\/320\/revisions"}],"predecessor-version":[{"id":2448,"href":"https:\/\/www.handwerktechnikdesign.de\/index.php?rest_route=\/wp\/v2\/pages\/320\/revisions\/2448"}],"wp:attachment":[{"href":"https:\/\/www.handwerktechnikdesign.de\/index.php?rest_route=%2Fwp%2Fv2%2Fmedia&parent=320"}],"curies":[{"name":"wp","href":"https:\/\/api.w.org\/{rel}","templated":true}]}}