{"id":34,"date":"2010-08-23T20:45:35","date_gmt":"2010-08-23T19:45:35","guid":{"rendered":"http:\/\/www.handwerktechnikdesign.de\/?page_id=34"},"modified":"2015-11-13T16:10:26","modified_gmt":"2015-11-13T15:10:26","slug":"aktuelle-projekte","status":"publish","type":"page","link":"https:\/\/www.handwerktechnikdesign.de\/?page_id=34","title":{"rendered":"Aktuelle Projekte"},"content":{"rendered":"<p>&#8211; Akustikma\u00dfnahmen B\u00fcrofl\u00e4chen GIS in Hamburg Neum\u00fchlen<\/p>\n<p>&#8211; Neugestaltung B\u00fcrofl\u00e4chen Mackevision Hamburg City &#8211; 450m\u00b2<\/p>\n<p>&#8211; Erweiterung Mieterfl\u00e4che\u00a0mediaplan\u00a0in Hamburg Winterhude &#8211; 150m\u00b2 B\u00fcrofl\u00e4che<\/p>\n<p>&#8211; Dachausbau Mehrfamilienhaus in Hamburg Nienstedten<\/p>\n<p>&#8211; \u00c4rzte im Haus in Elmshorn &#8211; Praxisrenovierungen + Umbauten<\/p>\n<p>&#8211; Praxisausbau Dr. Nickel in Elmshorn<\/p>\n<p>&#8211; Ausbau einer Loftetage zur Wohnung\u00a0Hamburg\u00a0 Eilbeck &#8211; 250m\u00b2<\/p>\n<p>&#8211; Teilrenovierung Berlin Hyp Hamburg City\u00a0&#8211; 330m\u00b2 &#8211; abgeschlossen<\/p>\n<p>&#8211; Mieterausbau\u00a0Sundance\u00a0in Hamburg Winterhude &#8211; 350m\u00b2 B\u00fcrofl\u00e4che &#8211; abgeschlossen<\/p>\n<p>&#8211; Erweiterung Mieterfl\u00e4che\u00a0SOG\u00a0in Hamburg Winterhude &#8211; 80m\u00b2 B\u00fcrofl\u00e4che &#8211; abgeschlossen<\/p>\n<p>&#8211; Wohnhausumbau in Tangstedt &#8211; 170m\u00b2 &#8211; abgeschlossen<\/p>\n<p>&#8211;\u00a0Umbau B\u00e4der + K\u00fcchen Elbschloss Residenz &#8211; 150 Wohnungen in den kommenden Jahren &#8211;\u00a0bisher 40\u00a0Wohnungen fertig\u00a0&#8211;<\/p>\n<p>&#8211; Praxisausbau Hamburg City &#8211; 750m\u00b2 &#8211; abgeschlossen<\/p>\n<p>&#8211; Neubau Konferenzbereich f\u00fcr eine Pensionskasse in Frankfurt &#8211; 160m\u00b2 &#8211; abgeschlossen<\/p>\n<p>&#8211; Mieterausbau mediaplan\u00a0in Hamburg Winterhude &#8211; 350m\u00b2 B\u00fcrofl\u00e4che &#8211; abgeschlossen<\/p>\n<p>&#8211; Wohnhaus R in Hamburg Rissen &#8211; Neugestaltung Wohnbereich &#8211; abgeschlossen<\/p>\n<p>&#8211; Neugestaltung \u00f6ffentliche Bereiche \u00c4rztehaus Elmshorn<\/p>\n<p>&#8211; K\u00fcchenumbau Wohnung H &#8211; Hamburg Harvestehude &#8211; abgeschlossen<\/p>\n<p>&#8211; Neues Konzept B\u00e4der + K\u00fcchen Elbschloss Residenz &#8211; abgeschlossen<\/p>\n<p>&#8211; Wohnung Neuer Wall Hamburg &#8211; Renovierung und neue K\u00fcche &#8211; abgschlossen<\/p>\n<p>&#8211; Renovierung Wohnhaus B &#8211; abgeschlossen<\/p>\n<p>&#8211; Lichtberatung Wohnhaus T- abgeschlossen<\/p>\n<p>&#8211; Searenergy Umbau und Erweiterung der WC-Anlagen &#8211; Hamburg Neum\u00fchlen &#8211; abgeschlossen<\/p>\n<p>&#8211; Rechtsanwaltskanlei &#8211; Neum\u00fchlen &#8211; abgeschlossen<\/p>\n<p>&#8211; \u00d6ffentliche Bereiche B\u00fcrogeb\u00e4ude &#8211; Neum\u00fchlen &#8211; abgeschlossen<\/p>\n<p>&#8211; Searenergy Renovierung der B\u00fcrofl\u00e4chen und Bau eines Konferenzraumes &#8211; Hamburg Neum\u00fchlen &#8211; abgeschlossen<\/p>\n<p>&#8211; Villa H &#8211; D\u00fcsseldorf<\/p>\n<p>&#8211; Terrassensanierung Harvestehude &#8211; abgeschlossen<\/p>\n<p>&#8211; G\u00e4stezimmer Elbschloss Residenz &#8211; abgeschlossen<\/p>\n<p>&#8211; Mieterausbau Caterpillar &#8211;\u00a0Neum\u00fchlen &#8211; abgeschlossen<\/p>\n<p>&#8211; Mieterausbau Siewert + Witte &#8211;\u00a0Winterhude &#8211; abgeschlossen<\/p>\n<p>&#8211; Renovierung B\u00fcrofl\u00e4chen SOG &#8211;\u00a0Winterhude &#8211; abgeschlossen<\/p>\n<p>&#8211; Residenz Club in der Elschloss Residenz &#8211; abgeschlossen<\/p>\n<p>&#8211; \u00c4rzte im Haus in Elmshorn &#8211; Praxisrenovierungen &#8211; abgeschlossen<\/p>\n<p>&#8211; diverse Mieterausbauten Elbschloss Residenz<\/p>\n<p>&#8211; Umbau Wohnhaus UE &#8211; Rissen &#8211; abgeschlossen<\/p>\n<p>&#8211; Mieterausbau St\u00fcwe + Co &#8211;\u00a0Neum\u00fchlen\u00a0&#8211; abgeschlossen<\/p>\n<p>&#8211; Mieterausbau GIS &#8211;\u00a0Neum\u00fchlen &#8211; abgeschlossen<\/p>\n<p>&#8211; Elbschloss Residenz Elbchaussee &#8211; Bauleitung Umbau Haus 1 &#8211; abgeschlossen<\/p>\n<p>&#8211; Elbschloss Residenz Klein Flottbeck\u00a0&#8211; Umbau eines Teilbereiches der Pflegeabteilung &#8211; abgeschlossen<\/p>\n<p>&#8211; \u00c4rzte im Haus in\u00a0Elmshorn &#8211; Praxisumbau &#8211; abgeschlossen<\/p>\n<p>&#8211; Rechtsanwaltskanzlei in Finkenwerder &#8211; Umgestaltung von Teilbereichen &#8211; abgeschlossen<\/p>\n<p>&#8211; Wohnhaus K in Tornesch &#8211; K\u00fcchenplanung und Einrichtungsberatung &#8211; abgeschlossen<\/p>\n<p>&#8211; Wohnung G in Hamburg &#8211; Umbau und Neugestaltung &#8211; abgeschlossen<\/p>\n","protected":false},"excerpt":{"rendered":"<p>&#8211; Akustikma\u00dfnahmen B\u00fcrofl\u00e4chen GIS in Hamburg Neum\u00fchlen &#8211; Neugestaltung B\u00fcrofl\u00e4chen Mackevision Hamburg City &#8211; 450m\u00b2 &#8211; Erweiterung Mieterfl\u00e4che\u00a0mediaplan\u00a0in Hamburg Winterhude &#8211; 150m\u00b2 B\u00fcrofl\u00e4che &#8211; Dachausbau Mehrfamilienhaus in Hamburg Nienstedten &#8211; \u00c4rzte im Haus in Elmshorn &#8211; Praxisrenovierungen + Umbauten &#8211; Praxisausbau Dr. Nickel in Elmshorn &#8211; Ausbau einer Loftetage zur Wohnung\u00a0Hamburg\u00a0 Eilbeck &#8211; 250m\u00b2 &#8211; [&#038;hellip<\/p>\n","protected":false},"author":2,"featured_media":0,"parent":0,"menu_order":4,"comment_status":"open","ping_status":"open","template":"","meta":{"footnotes":""},"class_list":["post-34","page","type-page","status-publish","hentry"],"_links":{"self":[{"href":"https:\/\/www.handwerktechnikdesign.de\/index.php?rest_route=\/wp\/v2\/pages\/34","targetHints":{"allow":["GET"]}}],"collection":[{"href":"https:\/\/www.handwerktechnikdesign.de\/index.php?rest_route=\/wp\/v2\/pages"}],"about":[{"href":"https:\/\/www.handwerktechnikdesign.de\/index.php?rest_route=\/wp\/v2\/types\/page"}],"author":[{"embeddable":true,"href":"https:\/\/www.handwerktechnikdesign.de\/index.php?rest_route=\/wp\/v2\/users\/2"}],"replies":[{"embeddable":true,"href":"https:\/\/www.handwerktechnikdesign.de\/index.php?rest_route=%2Fwp%2Fv2%2Fcomments&post=34"}],"version-history":[{"count":31,"href":"https:\/\/www.handwerktechnikdesign.de\/index.php?rest_route=\/wp\/v2\/pages\/34\/revisions"}],"predecessor-version":[{"id":2109,"href":"https:\/\/www.handwerktechnikdesign.de\/index.php?rest_route=\/wp\/v2\/pages\/34\/revisions\/2109"}],"wp:attachment":[{"href":"https:\/\/www.handwerktechnikdesign.de\/index.php?rest_route=%2Fwp%2Fv2%2Fmedia&parent=34"}],"curies":[{"name":"wp","href":"https:\/\/api.w.org\/{rel}","templated":true}]}}